c = -c. Calculate the remainder when 19 is divided by 6 - 1 - c/(-2).
4
Suppose 9*c = 8*c + 13. What is the remainder when c is divided by -2 + 8 + (-3)/3?
3
Let l = -8 - -9. Suppose z + l = 14. What is the remainder when 67 - -4 - (-3 - -10) is divided by z?
12
Calculate the remainder when (4/(-7))/(4/(-14)) + 77 is divided by (6 - 0)*27/6.
25
Let i be (8/10)/(2/(-5)) - -6. Calculate the remainder when 3/i - 549/(-36) is divided by 6.
4
Let m = -1744 + 1808. Calculate the remainder when 240 is divided by m.
48
Let y = -46 - -77. Suppose 4*v = 113 + y. What is the remainder when v is divided by 11 + -1 + -1 + 4?
10
Suppose -4*d - 5*q = -0*d - 8, -3*d + 9 = 3*q. Calculate the remainder when 60/3 - (0 - -2) is divided by d.
4
Let g be (3/(-15))/(2/(-10)). Let i = g - -2. What is the remainder when 6 is divided by i?
0
Suppose -2*h = h + 51. Let c = 30 + h. Suppose s = 4*f + 38, -4*f - 114 = -3*s - f. Calculate the remainder when s is divided by c.
12
Suppose 206 = -2*n + 4*n + 4*f, 0 = 2*n + 3*f - 210. Suppose 15 = -8*d + n. Calculate the remainder when 47 is divided by d.
11
Let c(n) = -12*n. Let g be c(-1). Let r be g/((-7)/((-21)/2)). Calculate the remainder when 8/(-36) + 778/r is divided by 15.
13
Let h(g) = -4*g + 4. Let k be h(-5). Suppose -k = 4*w - 92. Calculate the remainder when w is divided by 9.
8
Let i(w) = -w**3 - 10*w**2 - 5. Let m be i(-10). Let l = 26 + m. What is the remainder when 82 is divided by l?
19
Let t = -1177 - -1212. Calculate the remainder when 66 is divided by t.
31
Let b(d) be the third derivative of 0*d + 0 - 17/8*d**4 - 4*d**2 - 2/3*d**3. What is the remainder when b(-2) is divided by 33?
32
Suppose 55 = 627*q - 626*q. What is the remainder when 107 is divided by q?
52
Let b(m) = 23*m + 11. Let w be b(-1). What is the remainder when (-48)/w + (5*19)/1 is divided by 17?
14
Suppose 0 = 5*b + 2*p - 6*p - 306, -2*b + 127 = 3*p. Calculate the remainder when b is divided by 11.
7
Let s(d) = d**2 + d + 2. Let z be s(2). Suppose 4*x - 72 = 4*j, -4*j - z = -0*j. Calculate the remainder when 59 is divided by x.
11
Let a = 22 - 18. Suppose a*z - 3*z + 1 = 0. Let p = 5 + z. What is the remainder when 9 is divided by p?
1
Suppose 19*f - 347 = -43. Suppose -4*v = -3*c - 263, 2*v = 5*c + 15 + 134. Calculate the remainder when v is divided by f.
14
Let k(w) = -2*w**3 + 12*w**2 + 3. Let f(r) = r**3 + 2*r**2 - r + 4. Let s be f(-2). Calculate the remainder when 33/7 + 2/7 is divided by k(s).
2
Let m = -3044 + 3094. Calculate the remainder when 94 is divided by m.
44
Let v(t) = t - 19. Let i be v(7). Let q = i - -26. Calculate the remainder when 96 is divided by q.
12
Let o = 9 + -3. Let d = o + 5. Suppose -5*c = -c - 16. Calculate the remainder when d is divided by c.
3
Let j be (0 - 3) + -11 + 1 + -2. What is the remainder when (-10)/j*(-9)/(-6)*11 is divided by 4?
3
Suppose -2*o = -33 + 7. Let g(w) = w - 10. Calculate the remainder when 9 is divided by g(o).
0
Let s = 759 - 765. Let g(w) = -3*w**2 - 7*w + 5. Let t(c) = 13*c**2 + 28*c - 21. Let a(u) = 9*g(u) + 2*t(u). What is the remainder when a(s) is divided by 6?
3
Let m(u) = u**3 + 11*u**2 + 26*u + 16. Let v be m(-8). Calculate the remainder when (1 - -76) + 1*(-2 + v) is divided by 21.
12
Let i be (-66)/(-4)*234/27. Let w = -105 + i. Calculate the remainder when 148 is divided by w.
34
Let i(d) = -2*d - 3. Let z be i(3). Suppose 16*b + 228 = -28. Let w = z - b. Calculate the remainder when 41 is divided by w.
6
Suppose 146 = 3*g - 2*k, -2*k - 25 = -7*k. Let x(p) = -6*p - 6. What is the remainder when g is divided by x(-4)?
16
Let b be (-3)/4*-6*6. Let s = -18 + b. Let u = 644 - 628. Calculate the remainder when u is divided by s.
7
Let l = 11 + 8. What is the remainder when 3/(213/(-72) + 3) is divided by l?
15
Let n(t) = t**3 - 8*t**2 + 14*t + 21. Calculate the remainder when (-3 + -1)/(1/(-23)) is divided by n(5).
12
Let w(r) = -r**3 - 7*r**2 + 2. Let o be w(-7). Suppose 31 = m + k - o*k, 3*k - 111 = -3*m. Calculate the remainder when m is divided by 8 + 0 + 2 + -1.
7
Let x = 1969 + -1923. Calculate the remainder when 641 is divided by x.
43
Let y = -5 + 1. Let v(t) = -3*t**3 - 3*t**2 + 5*t + 3. Let c be v(y). Let x = c - 64. What is the remainder when x is divided by 13?
11
Suppose 0 = -156*t + 166*t - 1330. What is the remainder when t is divided by 93?
40
Let r be (8 - 2)*(-2)/(-6). Suppose 5*m - 123 = 4*u, 0*m - u = r*m - 44. Let b(y) = 17*y**2 - y. What is the remainder when b(2) is divided by m?
20
Suppose -r = -l - l - 9, 4*l = -r + 9. Let y(h) = h - 8. Let q be y(8). Let f = r + q. Calculate the remainder when f is divided by 3.
0
Let y(r) = -2*r**3 + 20*r**2 - 13*r - 14. What is the remainder when y(7) is divided by 12?
9
Let f = 82 - 58. Suppose -65*y = 4*y + 5*y - 370. Calculate the remainder when f is divided by y.
4
Let x(f) = -f**2 - 38*f - 104. What is the remainder when 374/3 - (-2)/6 is divided by x(-34)?
29
Suppose -12*m = 16*m - 1120. What is the remainder when 598 is divided by m?
38
Suppose 20*r + 28*r - 19*r - 174 = 0. Let o = 3 - 10. Let y = o + 23. What is the remainder when y is divided by r?
4
Suppose -2*x - 69 = -219. Suppose z - 4*z + 33 = 0. What is the remainder when x is divided by z?
9
Suppose -4*a - 231 = -3*r - 0*r, 4*r = a + 321. What is the remainder when r is divided by 39?
3
Let m be (-11 + 3)*10/(-4). Let j = m - 10. Let w(k) = k**3 - 11*k**2 + 10*k + 3. What is the remainder when 3 is divided by w(j)?
0
Let t = 102 + -99. Let m(d) = -d**3 + 6*d**2 - 2*d - 1. What is the remainder when 4/6*711/6 is divided by m(t)?
19
Suppose -5*q = -2*v + 3, v = -4*v - 5*q + 25. Suppose 184*w + 48 = 188*w. Suppose -x - v*x = -z - 67, 4*z = w. Calculate the remainder when 52 is divided by x.
10
Let t(j) = -5*j - 8*j - 1822 + 1862. Calculate the remainder when t(-17) is divided by 44.
41
Let z(i) = 2*i**3 - 7*i**2 - 6*i + 15. Calculate the remainder when z(6) is divided by (-2)/4*(-79 + -3).
36
What is the remainder when 10/375*15 + (-1633)/(-5) is divided by 15?
12
Let x be 8/(-28) + (-23)/(-7). Suppose 0 = -2*p - x*p + 2*g + 14, 3*p = 4*g. Suppose 47 = 3*z - p. Calculate the remainder when z is divided by 6.
5
Suppose -y - 21 = 2*y. Let f(j) = -j**3 - 6*j**2 + 6*j + 2. What is the remainder when f(y) is divided by 5?
4
Let h = 357 + -142. What is the remainder when h is divided by 8?
7
Calculate the remainder when 167 is divided by (9/(-6))/(33/(-462)).
20
Let r(z) = 3*z**2 - 23*z + 44. What is the remainder when r(7) is divided by 11?
8
Suppose -3*z + 2*j + 20 = -0*z, 5*z = 4*j + 36. Suppose 2*q = -2*q + 16. What is the remainder when ((-10)/3)/(q/(-6)) is divided by z?
1
Suppose -248 = -5*n + q, 0 = 2*n - 5*q - 57 - 33. Suppose -8*s = -4*s - 104. Calculate the remainder when n is divided by s.
24
Suppose -10 + 85 = 5*p. What is the remainder when 104 is divided by p?
14
Suppose 322 = -4*x + 11*x. Calculate the remainder when x is divided by 26.
20
Let r(q) = q**3 + 6*q**2 + 3*q + 1. Let h = 63 - 32. Suppose 83*z + h = 84*z. What is the remainder when z is divided by r(-2)?
9
Let k(r) = -6*r**3 - r**2 - r. Let d = 5 + -6. What is the remainder when 20 is divided by k(d)?
2
Let k(b) = b**3 - 4*b**2 + 3. Let g be k(4). Suppose 7*i - 36 = g*i. Calculate the remainder when i is divided by 4.
1
Let o = 1741 - 1716. Calculate the remainder when 774 is divided by o.
24
Suppose 7*v - 4*v = 84. Suppose 3*h - 20 = -2*h. Suppose y - h*y + 30 = 0. What is the remainder when v is divided by y?
8
Suppose -h + 8 = 14*u - 13*u, 4*h + 2*u - 30 = 0. Calculate the remainder when 220 is divided by h.
3
Suppose -102 + 74 = -2*w. Calculate the remainder when 17 is divided by w.
3
Let o = 180 - 107. What is the remainder when 196 is divided by o?
50
Let x(r) = 231*r**3 + 4*r**2 - 4*r. What is the remainder when x(1) is divided by 27?
15
Let b(g) = 28*g**2 - 54*g + 10. Let c(d) = -d**2 + 9*d - 3. What is the remainder when b(2) is divided by c(8)?
4
Let s = 67 + -56. Calculate the remainder when 82 is divided by 932/44 + (-2)/s.
19
Let h = 23 - 12. Suppose 44 = 3*w + h. What is the remainder when ((-20)/(-3))/((-11)/(-33)) is divided by w?
9
Let s = 1863 - 1858. What is the remainder when (-23 - -1)/(0 - 1) is divided by s?
2
Calculate the remainder when 296 is divid